{"id":26937,"date":"2023-12-11T17:37:46","date_gmt":"2023-12-11T16:37:46","guid":{"rendered":"https:\/\/inlab.fib.upc.edu\/projecte\/exploracion-de-los-datos-emdl\/"},"modified":"2025-11-07T11:03:38","modified_gmt":"2025-11-07T10:03:38","slug":"datos-emef","status":"publish","type":"projecte","link":"https:\/\/inlab.fib.upc.edu\/es\/projecte\/datos-emef","title":{"rendered":"Exploraci\u00f3n de los datos EMEF para ITS Espa\u00f1a"},"content":{"rendered":"","protected":false},"author":1231,"featured_media":26935,"template":"","meta":{"_acf_changed":false},"experteses":[24],"tencnologies":[797,798,546,531],"class_list":["post-26937","projecte","type-projecte","status-publish","has-post-thumbnail","hentry","experteses-smartmobility-es","tencnologies-correspondencias-multiples-componentes-principales-y-clasificacion-jerarquica-no-supervisada","tencnologies-definicion-de-perfiles","tencnologies-r-es","tencnologies-rstudio-es"],"acf":{"minidescripcio":"ITS Espa\u00f1a es una Asociaci\u00f3n sin \u00e1nimo de lucro fundada el 2002 con el objetivo de unir el sector p\u00fablico, privado y acad\u00e9mico relacionado con los Sistemas Inteligentes de Transporte","ordre_prioritat":29,"descripcio":"<strong>ITS Espa\u00f1a<\/strong> es una Asociaci\u00f3n sin \u00e1nimo de lucro fundada el 2002 con el objetivo de unir el sector p\u00fablico, privado y acad\u00e9mico relacionado con los Sistemas Inteligentes de Transporte, para hacer m\u00e1s segura, sostenible y eficiente la movilidad de personas y mercanc\u00edas a trav\u00e9s de los diferentes m\u00e9todos de transporte.\n\n\u00a0\n\nITS Espa\u00f1a quiere que la inLab FIB desarrolle un proyecto para que:\n<ul>\n \t<li>Explore los datos EMDL (Encuestas de Movilidad a D\u00eda Laborable) del 2021 y elabore cl\u00faster de actividades seg\u00fan el tipo de las muestras EMDL 2018-2021\nHaga la caracterizaci\u00f3n de las secuencias de actividades y los patrones de comportamiento de movilidad diaria de los residentes a las macrozonas definidas para las presas de datos EMDL y la relaci\u00f3n con las caracter\u00edsticas de los usos del suelo.<\/li>\n \t<li>El an\u00e1lisis de las secuencias de actividades comporta la definici\u00f3n del estado de los viajeros en cada minuto de un d\u00eda y el c\u00e1lculo de indicadores de fragmentaci\u00f3n que representan la complejidad de sus patrones de actividades (entrop\u00eda, turbulencia, complejidad entre otros).<\/li>\n \t<li>Se ha efectuado una caracterizaci\u00f3n v\u00eda clusteritzaci\u00f3n de los patrones diarios de movilidad. La clasificaci\u00f3n de las secuencias de actividades requiere de la reducci\u00f3n de dimensionalidad previa a la clasificaci\u00f3n jer\u00e1rquica no supervisada.<\/li>\n \t<li>Se ha desarrollado el software necesario para la orquestaci\u00f3n de los datos de las encuestas EMDL del 2018 al 2021 que podr\u00e1 extenderse a la incorporaci\u00f3n de nuevas encuestas EMDL.<\/li>\n<\/ul>","image":"<!-- wp:image {\"id\":26930,\"sizeSlug\":\"full\",\"linkDestination\":\"none\",\"className\":\"is-style-default\"} -->\r\n<figure class=\"wp-block-image size-full is-style-default\"><img class=\"wp-image-26930\" src=\"https:\/\/inlab.fib.upc.edu\/wp-content\/uploads\/2023\/12\/image.png\" alt=\"\" \/><\/figure>\r\n<!-- \/wp:image -->","url":"","data_inici_pro":"20230101","data_fi_pro":"20230930","client":[19031],"entitat_finan":"","colab":"","responsable":[798],"equip":[1213],"escert":"0","mpi":"1","accio":"0","padih":0,"nacional":0,"participants":"","participants2":"","projecte_final":"","articles_presentacions":"","slideshare":""},"_links":{"self":[{"href":"https:\/\/inlab.fib.upc.edu\/es\/wp-json\/wp\/v2\/projecte\/26937","targetHints":{"allow":["GET"]}}],"collection":[{"href":"https:\/\/inlab.fib.upc.edu\/es\/wp-json\/wp\/v2\/projecte"}],"about":[{"href":"https:\/\/inlab.fib.upc.edu\/es\/wp-json\/wp\/v2\/types\/projecte"}],"author":[{"embeddable":true,"href":"https:\/\/inlab.fib.upc.edu\/es\/wp-json\/wp\/v2\/users\/1231"}],"acf:user":[{"embeddable":true,"href":"https:\/\/inlab.fib.upc.edu\/es\/wp-json\/wp\/v2\/users\/1213"},{"embeddable":true,"href":"https:\/\/inlab.fib.upc.edu\/es\/wp-json\/wp\/v2\/users\/798"}],"acf:post":[{"embeddable":true,"href":"https:\/\/inlab.fib.upc.edu\/es\/wp-json\/wp\/v2\/empresa\/19031"}],"wp:featuredmedia":[{"embeddable":true,"href":"https:\/\/inlab.fib.upc.edu\/es\/wp-json\/wp\/v2\/media\/26935"}],"wp:attachment":[{"href":"https:\/\/inlab.fib.upc.edu\/es\/wp-json\/wp\/v2\/media?parent=26937"}],"wp:term":[{"taxonomy":"experteses","embeddable":true,"href":"https:\/\/inlab.fib.upc.edu\/es\/wp-json\/wp\/v2\/experteses?post=26937"},{"taxonomy":"tencnologies","embeddable":true,"href":"https:\/\/inlab.fib.upc.edu\/es\/wp-json\/wp\/v2\/tencnologies?post=26937"}],"curies":[{"name":"wp","href":"https:\/\/api.w.org\/{rel}","templated":true}]}}

Exploración de los datos EMEF para ITS España

ITS España es una Asociación sin ánimo de lucro fundada el 2002 con el objetivo de unir el sector público, privado y académico relacionado con los Sistemas Inteligentes de Transporte

<strong>ITS España</strong> es una Asociación sin ánimo de lucro fundada el 2002 con el objetivo de unir el sector público, privado y académico relacionado con los Sistemas Inteligentes de Transporte, para hacer más segura, sostenible y eficiente la movilidad de personas y mercancías a través de los diferentes métodos de transporte.

 

ITS España quiere que la inLab FIB desarrolle un proyecto para que:
<ul>
 	<li>Explore los datos EMDL (Encuestas de Movilidad a Día Laborable) del 2021 y elabore clúster de actividades según el tipo de las muestras EMDL 2018-2021
Haga la caracterización de las secuencias de actividades y los patrones de comportamiento de movilidad diaria de los residentes a las macrozonas definidas para las presas de datos EMDL y la relación con las características de los usos del suelo.</li>
 	<li>El análisis de las secuencias de actividades comporta la definición del estado de los viajeros en cada minuto de un día y el cálculo de indicadores de fragmentación que representan la complejidad de sus patrones de actividades (entropía, turbulencia, complejidad entre otros).</li>
 	<li>Se ha efectuado una caracterización vía clusteritzación de los patrones diarios de movilidad. La clasificación de las secuencias de actividades requiere de la reducción de dimensionalidad previa a la clasificación jerárquica no supervisada.</li>
 	<li>Se ha desarrollado el software necesario para la orquestación de los datos de las encuestas EMDL del 2018 al 2021 que podrá extenderse a la incorporación de nuevas encuestas EMDL.</li>
</ul>
