{"id":26089,"date":"2017-06-28T17:23:40","date_gmt":"2017-06-28T15:23:40","guid":{"rendered":"https:\/\/inlab.fib.upc.edu\/projecte\/evaloe_ssd-sistema-de-apoyo-a-la-toma-de-decisiones-por-la-ub\/"},"modified":"2017-06-28T17:23:40","modified_gmt":"2017-06-28T15:23:40","slug":"evaloe_ssd-sistema-de-apoyo-a-la-toma-de-decisiones-por-la-ub","status":"publish","type":"projecte","link":"https:\/\/inlab.fib.upc.edu\/es\/projecte\/evaloe_ssd-sistema-de-apoyo-a-la-toma-de-decisiones-por-la-ub","title":{"rendered":"EVALOE_SSD (Sistema de Apoyo a la toma de decisiones) por la UB"},"content":{"rendered":"","protected":false},"author":64,"featured_media":6392,"template":"","meta":{"_acf_changed":false},"experteses":[27],"tencnologies":[508,704,755],"class_list":["post-26089","projecte","type-projecte","status-publish","has-post-thumbnail","hentry","experteses-knowledgeyserviceengineering-es","tencnologies-jenkins-es","tencnologies-mysql-es","tencnologies-spring-es"],"acf":{"minidescripcio":"Herramienta \u00fatil para que los maestros tutores, maestros especialistas, logopedas, entre otros, puedan reflexionar sobre los procedimientos de ense\u00f1anza y aprendizaje de la lengua oral.","ordre_prioritat":0,"descripcio":"Al grupo <a href=\"http:\/\/www.clod.ub.edu\/\" target=\"_blank\" rel=\"noopener\">CLOD<\/a>(Comunicaci\u00f3n, Lenguaje Oral y Diversidad) de la Universitat de Barcelona, coordinado por la Dra. Marta Gr\u00e0cia se le concedi\u00f3 la subvenci\u00f3n del proyecto \u201cLos Sistemas de Soporte a la toma de Decisiones (SSD) docentes y lo desarrollo de la competencia ling\u00fc\u00edstica (hablar y escuchar)\u201d en la convocatoria \u201cProyectos EXCELENCIA y Proyectos RETOS\u201d del 2015 del Ministerio de Econom\u00eda y Competitividad.\n\n<!--break-->\n\nEl objetivo del grupo CLOD es estudiar los procesos de ense\u00f1anza y aprendizaje del lenguaje oral en contextos diversos, especialmente el contexto escolar.\n\nEste proyecto es la evoluci\u00f3n de varios proyectos desarrollados por este grupo de investigaci\u00f3n, en concreto es una evoluci\u00f3n de l'Escala de Valoraci\u00f3n de la ense\u00f1anza de la Lengua Oral (EVALOE, 2015).\n\nEVALOE es una herramienta \u00fatil para que los maestros tutores, maestros especialistas, logopedas, psicopedagogos, orientadores, entre otros, puedan reflexionar sobre los procedimientos de ense\u00f1anza y aprendizaje de la lengua oral en las diferentes materias, y como estos influyen en el comportamiento comunicativo y ling\u00fc\u00edstico de los alumnos. Se entiende que esta reflexi\u00f3n, que tiene un car\u00e1cter autoevaluativo y se promueve a partir de grupos de discusi\u00f3n o trabajo colaborativo, es el elemento clave para planificar propuestas de mejora de la acci\u00f3n docente en todas las \u00e1reas curriculares.\n\nEVALOE est\u00e1 formada por dos partes:\n<ul>\n \t<li>Escala de observaci\u00f3n divid\u00eda en cinco subescalas. Cada una de estas subescalas contiene \u00edtems (preguntas) referidos a los docentes y los alumnos con tres opciones de respuesta (1,2,3)<\/li>\n \t<li>Un protocolo que incluye 30 preguntas con el fin de que un asesor y un docente tengan una entrevista semiestructurada con el objetivo de reflexionar conjuntamente sobre los aspectos anteriormente analizados.<\/li>\n<\/ul>\nEste proyecto incluye el desarrollo de un sistema que permita facilitar la realizaci\u00f3n de la entrevista que propone la herramienta EVALOE, semiautomatizar la reflexi\u00f3n, y dar las recomendaciones adecuadas seg\u00fan el resultado de esta.","image":"","url":"","data_inici_pro":"20170607","data_fi_pro":"20180605","client":[18918],"entitat_finan":null,"colab":null,"responsable":[612,10],"equip":[991,657,1087,1026,1100],"escert":"0","mpi":"1","accio":0,"padih":0,"nacional":0,"participants":"","participants2":"","projecte_final":null,"articles_presentacions":"","slideshare":""},"_links":{"self":[{"href":"https:\/\/inlab.fib.upc.edu\/es\/wp-json\/wp\/v2\/projecte\/26089","targetHints":{"allow":["GET"]}}],"collection":[{"href":"https:\/\/inlab.fib.upc.edu\/es\/wp-json\/wp\/v2\/projecte"}],"about":[{"href":"https:\/\/inlab.fib.upc.edu\/es\/wp-json\/wp\/v2\/types\/projecte"}],"author":[{"embeddable":true,"href":"https:\/\/inlab.fib.upc.edu\/es\/wp-json\/wp\/v2\/users\/64"}],"acf:user":[{"embeddable":true,"href":"https:\/\/inlab.fib.upc.edu\/es\/wp-json\/wp\/v2\/users\/1100"},{"embeddable":true,"href":"https:\/\/inlab.fib.upc.edu\/es\/wp-json\/wp\/v2\/users\/1026"},{"embeddable":true,"href":"https:\/\/inlab.fib.upc.edu\/es\/wp-json\/wp\/v2\/users\/1087"},{"embeddable":true,"href":"https:\/\/inlab.fib.upc.edu\/es\/wp-json\/wp\/v2\/users\/657"},{"embeddable":true,"href":"https:\/\/inlab.fib.upc.edu\/es\/wp-json\/wp\/v2\/users\/991"},{"embeddable":true,"href":"https:\/\/inlab.fib.upc.edu\/es\/wp-json\/wp\/v2\/users\/10"},{"embeddable":true,"href":"https:\/\/inlab.fib.upc.edu\/es\/wp-json\/wp\/v2\/users\/612"}],"acf:post":[{"embeddable":true,"href":"https:\/\/inlab.fib.upc.edu\/es\/wp-json\/wp\/v2\/empresa\/18918"}],"wp:featuredmedia":[{"embeddable":true,"href":"https:\/\/inlab.fib.upc.edu\/es\/wp-json\/wp\/v2\/media\/6392"}],"wp:attachment":[{"href":"https:\/\/inlab.fib.upc.edu\/es\/wp-json\/wp\/v2\/media?parent=26089"}],"wp:term":[{"taxonomy":"experteses","embeddable":true,"href":"https:\/\/inlab.fib.upc.edu\/es\/wp-json\/wp\/v2\/experteses?post=26089"},{"taxonomy":"tencnologies","embeddable":true,"href":"https:\/\/inlab.fib.upc.edu\/es\/wp-json\/wp\/v2\/tencnologies?post=26089"}],"curies":[{"name":"wp","href":"https:\/\/api.w.org\/{rel}","templated":true}]}}

Herramienta útil para que los maestros tutores, maestros especialistas, logopedas, entre otros, puedan reflexionar sobre los procedimientos de enseñanza y aprendizaje de la lengua oral.

Al grupo <a href="http://www.clod.ub.edu/" target="_blank" rel="noopener">CLOD</a>(Comunicación, Lenguaje Oral y Diversidad) de la Universitat de Barcelona, coordinado por la Dra. Marta Gràcia se le concedió la subvención del proyecto “Los Sistemas de Soporte a la toma de Decisiones (SSD) docentes y lo desarrollo de la competencia lingüística (hablar y escuchar)” en la convocatoria “Proyectos EXCELENCIA y Proyectos RETOS” del 2015 del Ministerio de Economía y Competitividad.

<!--break-->

El objetivo del grupo CLOD es estudiar los procesos de enseñanza y aprendizaje del lenguaje oral en contextos diversos, especialmente el contexto escolar.

Este proyecto es la evolución de varios proyectos desarrollados por este grupo de investigación, en concreto es una evolución de l'Escala de Valoración de la enseñanza de la Lengua Oral (EVALOE, 2015).

EVALOE es una herramienta útil para que los maestros tutores, maestros especialistas, logopedas, psicopedagogos, orientadores, entre otros, puedan reflexionar sobre los procedimientos de enseñanza y aprendizaje de la lengua oral en las diferentes materias, y como estos influyen en el comportamiento comunicativo y lingüístico de los alumnos. Se entiende que esta reflexión, que tiene un carácter autoevaluativo y se promueve a partir de grupos de discusión o trabajo colaborativo, es el elemento clave para planificar propuestas de mejora de la acción docente en todas las áreas curriculares.

EVALOE está formada por dos partes:
<ul>
 	<li>Escala de observación dividía en cinco subescalas. Cada una de estas subescalas contiene ítems (preguntas) referidos a los docentes y los alumnos con tres opciones de respuesta (1,2,3)</li>
 	<li>Un protocolo que incluye 30 preguntas con el fin de que un asesor y un docente tengan una entrevista semiestructurada con el objetivo de reflexionar conjuntamente sobre los aspectos anteriormente analizados.</li>
</ul>
Este proyecto incluye el desarrollo de un sistema que permita facilitar la realización de la entrevista que propone la herramienta EVALOE, semiautomatizar la reflexión, y dar las recomendaciones adecuadas según el resultado de esta.
