{"id":24921,"date":"2012-05-10T11:19:13","date_gmt":"2012-05-10T09:19:13","guid":{"rendered":"https:\/\/inlab.fib.upc.edu\/projecte\/e-catalunya-plataforma-de-colaboracion-y-redes-sociales\/"},"modified":"2012-05-10T11:19:13","modified_gmt":"2012-05-10T09:19:13","slug":"e-catalunya-plataforma-de-colaboracion-y-redes-sociales","status":"publish","type":"projecte","link":"https:\/\/inlab.fib.upc.edu\/es\/projecte\/e-catalunya-plataforma-de-colaboracion-y-redes-sociales","title":{"rendered":"e-Catalunya: Plataforma de colaboraci\u00f3n y redes sociales"},"content":{"rendered":"","protected":false},"author":64,"featured_media":5514,"template":"","meta":{"_acf_changed":false},"experteses":[27],"tencnologies":[720,692,515,733,704,734,687,732],"class_list":["post-24921","projecte","type-projecte","status-publish","has-post-thumbnail","hentry","experteses-knowledgeyserviceengineering-es","tencnologies-hibernate-es","tencnologies-html5-es","tencnologies-java-es","tencnologies-linux-es","tencnologies-mysql-es","tencnologies-openldap-es","tencnologies-php-es","tencnologies-tomcat-es"],"acf":{"minidescripcio":"Plataforma de colaboraci\u00f3n y red social que permite a la Generalidad de Catalu\u00f1a ofrecer los servicios de portales colaborativos a diferentes colectivos de usuarios y profesionales","ordre_prioritat":0,"descripcio":"<div class=\"field-items\">\n<div class=\"field-item even\">\n\n<a href=\"http:\/\/ecatalunya.gencat.net\" target=\"_blank\" rel=\"noopener\">e-Catalunya<\/a> es una plataforma de colaboraci\u00f3n y red social que permite a la Generalidad de Catalu\u00f1a ofrecer los servicios de portales colaborativos a diferentes colectivos de usuarios y profesionales.\n\nNuestro laboratorio ha colaborado desde 2004 con la Direcci\u00f3n General de Atenci\u00f3n Ciudadana en el desarrollo e integraci\u00f3n de la plataforma, la extensi\u00f3n de su uso y la incorporaci\u00f3n de nuevas funcionalidades e innovaciones. A partir del 2010, se colabora con la empresa <strong>ALTRAN<\/strong>, encargada del mantenimiento evolutivo y correctivo de esta plataforma.\n\nEl proyecto e-Catalunya qued\u00f3 finalista en 2009 en los <a href=\"http:\/\/www.epractice.eu\/awards\" target=\"_blank\" rel=\"noopener\">European eGovernment Awards<\/a> en la categor\u00eda de eficiencia y efectividad administrativa (<em>eGovernment enabling administrative efficiency and effectiveness<\/em>).\n\n<\/div>\n<\/div>\n<!--break-->\n\nAccede al <a href=\"http:\/\/www.gencat.cat\/especial\/eGovernmentAwards09\/cat\/ecatalunya.htm\" target=\"_blank\" rel=\"noopener\">v\u00eddeo explicativo del proyecto e-Catalunya<\/a> en el portal de la Generalitat de Catalunya.","image":"<a href=\"https:\/\/inlab.fib.upc.edu\/wp-content\/uploads\/2012\/05\/e-catalunya2_0-1.png\"><img class=\"size-medium wp-image-16494 alignleft\" src=\"https:\/\/inlab.fib.upc.edu\/wp-content\/uploads\/2012\/05\/e-catalunya2_0-1-300x187.png\" alt=\"\" width=\"300\" height=\"187\" \/><\/a> <a href=\"https:\/\/inlab.fib.upc.edu\/wp-content\/uploads\/2012\/05\/e-catalunya1_0-1.png\"><img class=\"size-medium wp-image-16497 alignleft\" src=\"https:\/\/inlab.fib.upc.edu\/wp-content\/uploads\/2012\/05\/e-catalunya1_0-1-300x187.png\" alt=\"\" width=\"300\" height=\"187\" \/><\/a>","url":"<a href=\"http:\/\/ecatalunya.gencat.net\/\" target=\"_blank\" rel=\"noopener\">e-Catalunya<\/a>","data_inici_pro":"20041014","data_fi_pro":"20121220","client":19045,"entitat_finan":19060,"colab":null,"responsable":[612,614],"equip":[699,703,705,708,711,697,716,657,638,692,701,704,706,722,712,714,717,718,721,723,700,695,707,709,696,715,698,720,674],"escert":"0","mpi":"1","accio":0,"padih":0,"nacional":0,"participants":"","participants2":"","projecte_final":[4837,4840,4842,4844,4839,4838,4835,4836,4841],"articles_presentacions":"Casanovas, J.; Crespo, J.F.; Martin, R.M. <a href=\"http:\/\/www.rediris.es\/difusion\/publicaciones\/boletin\/78-79\/index.es.html\" target=\"_blank\" rel=\"noopener\">e-Catalunya: un entorno colaborativo y de red social<\/a>. \"Bolet\u00edn de RedIRIS\", 2006, n\u00fam. 78-79, p. 23-28.\r\n\r\n\u201ce-Catalunya: a social network platform\u201d. Presentation in JRES 2007. Estrasburg, november 20-23, 2007.\r\n\r\ne-Catalunya presentation in INCoS (International Conference on Intelligent Networking and Collaborative Systems, organized by Open Catalan University (UOC)\r\nBarcelona, november 4-6, 2009.\r\n<div style=\"margin-bottom: 5px;\"><strong><a title=\"e-Catalunya plataforma per al treball col\u00b7laboratiu\" href=\"http:\/\/www.slideshare.net\/gencat\/ecatalunya-plataforma-per-al-treball-collaboratiu\" target=\"_blank\" rel=\"noopener\">e-Catalunya plataforma per al treball col\u00b7laboratiu<\/a> <\/strong> from <strong><a href=\"http:\/\/www.slideshare.net\/gencat\" target=\"_blank\" rel=\"noopener\">gencat .<\/a><\/strong><\/div>","slideshare":""},"_links":{"self":[{"href":"https:\/\/inlab.fib.upc.edu\/es\/wp-json\/wp\/v2\/projecte\/24921","targetHints":{"allow":["GET"]}}],"collection":[{"href":"https:\/\/inlab.fib.upc.edu\/es\/wp-json\/wp\/v2\/projecte"}],"about":[{"href":"https:\/\/inlab.fib.upc.edu\/es\/wp-json\/wp\/v2\/types\/projecte"}],"author":[{"embeddable":true,"href":"https:\/\/inlab.fib.upc.edu\/es\/wp-json\/wp\/v2\/users\/64"}],"acf:post":[{"embeddable":true,"href":"https:\/\/inlab.fib.upc.edu\/es\/wp-json\/wp\/v2\/pfc\/4841"},{"embeddable":true,"href":"https:\/\/inlab.fib.upc.edu\/es\/wp-json\/wp\/v2\/pfc\/4836"},{"embeddable":true,"href":"https:\/\/inlab.fib.upc.edu\/es\/wp-json\/wp\/v2\/pfc\/4835"},{"embeddable":true,"href":"https:\/\/inlab.fib.upc.edu\/es\/wp-json\/wp\/v2\/pfc\/4838"},{"embeddable":true,"href":"https:\/\/inlab.fib.upc.edu\/es\/wp-json\/wp\/v2\/pfc\/4839"},{"embeddable":true,"href":"https:\/\/inlab.fib.upc.edu\/es\/wp-json\/wp\/v2\/pfc\/4844"},{"embeddable":true,"href":"https:\/\/inlab.fib.upc.edu\/es\/wp-json\/wp\/v2\/pfc\/4842"},{"embeddable":true,"href":"https:\/\/inlab.fib.upc.edu\/es\/wp-json\/wp\/v2\/pfc\/4840"},{"embeddable":true,"href":"https:\/\/inlab.fib.upc.edu\/es\/wp-json\/wp\/v2\/pfc\/4837"},{"embeddable":true,"href":"https:\/\/inlab.fib.upc.edu\/es\/wp-json\/wp\/v2\/empresa\/19060"},{"embeddable":true,"href":"https:\/\/inlab.fib.upc.edu\/es\/wp-json\/wp\/v2\/empresa\/19045"}],"acf:user":[{"embeddable":true,"href":"https:\/\/inlab.fib.upc.edu\/es\/wp-json\/wp\/v2\/users\/674"},{"embeddable":true,"href":"https:\/\/inlab.fib.upc.edu\/es\/wp-json\/wp\/v2\/users\/720"},{"embeddable":true,"href":"https:\/\/inlab.fib.upc.edu\/es\/wp-json\/wp\/v2\/users\/698"},{"embeddable":true,"href":"https:\/\/inlab.fib.upc.edu\/es\/wp-json\/wp\/v2\/users\/715"},{"embeddable":true,"href":"https:\/\/inlab.fib.upc.edu\/es\/wp-json\/wp\/v2\/users\/696"},{"embeddable":true,"href":"https:\/\/inlab.fib.upc.edu\/es\/wp-json\/wp\/v2\/users\/709"},{"embeddable":true,"href":"https:\/\/inlab.fib.upc.edu\/es\/wp-json\/wp\/v2\/users\/707"},{"embeddable":true,"href":"https:\/\/inlab.fib.upc.edu\/es\/wp-json\/wp\/v2\/users\/695"},{"embeddable":true,"href":"https:\/\/inlab.fib.upc.edu\/es\/wp-json\/wp\/v2\/users\/700"},{"embeddable":true,"href":"https:\/\/inlab.fib.upc.edu\/es\/wp-json\/wp\/v2\/users\/723"},{"embeddable":true,"href":"https:\/\/inlab.fib.upc.edu\/es\/wp-json\/wp\/v2\/users\/721"},{"embeddable":true,"href":"https:\/\/inlab.fib.upc.edu\/es\/wp-json\/wp\/v2\/users\/718"},{"embeddable":true,"href":"https:\/\/inlab.fib.upc.edu\/es\/wp-json\/wp\/v2\/users\/717"},{"embeddable":true,"href":"https:\/\/inlab.fib.upc.edu\/es\/wp-json\/wp\/v2\/users\/714"},{"embeddable":true,"href":"https:\/\/inlab.fib.upc.edu\/es\/wp-json\/wp\/v2\/users\/712"},{"embeddable":true,"href":"https:\/\/inlab.fib.upc.edu\/es\/wp-json\/wp\/v2\/users\/722"},{"embeddable":true,"href":"https:\/\/inlab.fib.upc.edu\/es\/wp-json\/wp\/v2\/users\/706"},{"embeddable":true,"href":"https:\/\/inlab.fib.upc.edu\/es\/wp-json\/wp\/v2\/users\/704"},{"embeddable":true,"href":"https:\/\/inlab.fib.upc.edu\/es\/wp-json\/wp\/v2\/users\/701"},{"embeddable":true,"href":"https:\/\/inlab.fib.upc.edu\/es\/wp-json\/wp\/v2\/users\/692"},{"embeddable":true,"href":"https:\/\/inlab.fib.upc.edu\/es\/wp-json\/wp\/v2\/users\/638"},{"embeddable":true,"href":"https:\/\/inlab.fib.upc.edu\/es\/wp-json\/wp\/v2\/users\/657"},{"embeddable":true,"href":"https:\/\/inlab.fib.upc.edu\/es\/wp-json\/wp\/v2\/users\/716"},{"embeddable":true,"href":"https:\/\/inlab.fib.upc.edu\/es\/wp-json\/wp\/v2\/users\/697"},{"embeddable":true,"href":"https:\/\/inlab.fib.upc.edu\/es\/wp-json\/wp\/v2\/users\/711"},{"embeddable":true,"href":"https:\/\/inlab.fib.upc.edu\/es\/wp-json\/wp\/v2\/users\/708"},{"embeddable":true,"href":"https:\/\/inlab.fib.upc.edu\/es\/wp-json\/wp\/v2\/users\/705"},{"embeddable":true,"href":"https:\/\/inlab.fib.upc.edu\/es\/wp-json\/wp\/v2\/users\/703"},{"embeddable":true,"href":"https:\/\/inlab.fib.upc.edu\/es\/wp-json\/wp\/v2\/users\/699"},{"embeddable":true,"href":"https:\/\/inlab.fib.upc.edu\/es\/wp-json\/wp\/v2\/users\/614"},{"embeddable":true,"href":"https:\/\/inlab.fib.upc.edu\/es\/wp-json\/wp\/v2\/users\/612"}],"wp:featuredmedia":[{"embeddable":true,"href":"https:\/\/inlab.fib.upc.edu\/es\/wp-json\/wp\/v2\/media\/5514"}],"wp:attachment":[{"href":"https:\/\/inlab.fib.upc.edu\/es\/wp-json\/wp\/v2\/media?parent=24921"}],"wp:term":[{"taxonomy":"experteses","embeddable":true,"href":"https:\/\/inlab.fib.upc.edu\/es\/wp-json\/wp\/v2\/experteses?post=24921"},{"taxonomy":"tencnologies","embeddable":true,"href":"https:\/\/inlab.fib.upc.edu\/es\/wp-json\/wp\/v2\/tencnologies?post=24921"}],"curies":[{"name":"wp","href":"https:\/\/api.w.org\/{rel}","templated":true}]}}

e-Catalunya: Plataforma de colaboración y redes sociales

Plataforma de colaboración y red social que permite a la Generalidad de Cataluña ofrecer los servicios de portales colaborativos a diferentes colectivos de usuarios y profesionales

<div class="field-items">
<div class="field-item even">

<a href="http://ecatalunya.gencat.net" target="_blank" rel="noopener">e-Catalunya</a> es una plataforma de colaboración y red social que permite a la Generalidad de Cataluña ofrecer los servicios de portales colaborativos a diferentes colectivos de usuarios y profesionales.

Nuestro laboratorio ha colaborado desde 2004 con la Dirección General de Atención Ciudadana en el desarrollo e integración de la plataforma, la extensión de su uso y la incorporación de nuevas funcionalidades e innovaciones. A partir del 2010, se colabora con la empresa <strong>ALTRAN</strong>, encargada del mantenimiento evolutivo y correctivo de esta plataforma.

El proyecto e-Catalunya quedó finalista en 2009 en los <a href="http://www.epractice.eu/awards" target="_blank" rel="noopener">European eGovernment Awards</a> en la categoría de eficiencia y efectividad administrativa (<em>eGovernment enabling administrative efficiency and effectiveness</em>).

</div>
</div>
<!--break-->

Accede al <a href="http://www.gencat.cat/especial/eGovernmentAwards09/cat/ecatalunya.htm" target="_blank" rel="noopener">vídeo explicativo del proyecto e-Catalunya</a> en el portal de la Generalitat de Catalunya.

Casanovas, J.; Crespo, J.F.; Martin, R.M. <a href="http://www.rediris.es/difusion/publicaciones/boletin/78-79/index.es.html" target="_blank" rel="noopener">e-Catalunya: un entorno colaborativo y de red social</a>. "Boletín de RedIRIS", 2006, núm. 78-79, p. 23-28.

“e-Catalunya: a social network platform”. Presentation in JRES 2007. Estrasburg, november 20-23, 2007.

e-Catalunya presentation in INCoS (International Conference on Intelligent Networking and Collaborative Systems, organized by Open Catalan University (UOC)
Barcelona, november 4-6, 2009.
<div style="margin-bottom: 5px;"><strong><a title="e-Catalunya plataforma per al treball col·laboratiu" href="http://www.slideshare.net/gencat/ecatalunya-plataforma-per-al-treball-collaboratiu" target="_blank" rel="noopener">e-Catalunya plataforma per al treball col·laboratiu</a> </strong> from <strong><a href="http://www.slideshare.net/gencat" target="_blank" rel="noopener">gencat .</a></strong></div>
